4*n - 13160. What is the greatest common factor of 280 and n?
56
Let z = 546 - 292. Let u = z - 234. What is the greatest common divisor of 160 and u?
20
Let m(d) = 15*d + 4. Let j be m(1). Let r(p) = -p**2 - 17*p - 26. Let t be r(-15). Let a be 77/4 + t/(-16). Calculate the highest common factor of a and j.
19
Suppose -4300 = -19*r + 9*r. Suppose 0 = 5*s - 90 - r. Calculate the highest common divisor of 52 and s.
52
Let g = 16 + -3. Let f = 211 + -209. Let o(a) = 7*a**3 - a - 2. Let p be o(f). What is the highest common divisor of g and p?
13
Let m be 2*(-3)/12*-10. Suppose -6*y + 93 = -39. Let v be ((60/4)/3 - 2) + y. What is the greatest common divisor of m and v?
5
Let f = -7 + 18. Let p(j) = -1258*j + 11828. Let m be p(9). Calculate the highest common factor of f and m.
11
Suppose -4 - 6 = -5*j. Let p(c) = -24*c**3 - 3*c**j - 4*c**2 - 1 + 8*c**2 - c. Let k be p(-1). What is the greatest common factor of k and 5?
5
Let j(i) = 7*i**3 + 573*i**2 - 87*i + 52. Let y be j(-82). Calculate the highest common factor of y and 70.
14
Let k be -8 - 140/(-56)*(-84)/(-10). Suppose -2 = -3*q + 1. Let j = 12 + q. Calculate the highest common divisor of k and j.
13
Let d be (-166)/(-12) - 10/(-60). Suppose -5*s - 21 = c + 144, 5*c = 25. Let n be (-51)/s*28/3. Calculate the highest common divisor of d and n.
14
Suppose -1067 + 1067 = -21*r. Suppose -4 = -4*p + 12. Suppose v - l - 37 = r, 0 = -l + 9 - p. Calculate the greatest common factor of v and 6.
6
Suppose 5*x = 7*l + 758, 3*x - 313 = -4*l + 191. Calculate the highest common divisor of 640 and x.
160
Let m be (-1 - 41)*-14*8/32. Calculate the greatest common divisor of 1281 and m.
21
Suppose -641*k + 594 = -608*k. What is the highest common factor of k and 4?
2
Let r be (-1140)/(-2470) + 40158/26. Calculate the greatest common divisor of r and 45.
15
Suppose 0 = 11*b - 2700 + 313. Let o be (7/(-5))/(77/(-385)). What is the greatest common factor of o and b?
7
Let l(h) be the first derivative of -h**4/4 + h**3/3 - 2. Let f be l(-1). Suppose -6*a + f*a + 128 = 0. Calculate the highest common divisor of a and 96.
32
Let u = -271 - -535. Let m be 11/(-3)*(-46 - -28). Calculate the greatest common factor of u and m.
66
Let n(r) = r**2 + 5*r + 11. Let g be n(-7). Suppose g*d - 20*d - 60 = 0. Suppose -5*k + 2*k + 324 = 0. What is the highest common divisor of k and d?
12
Suppose 5*c - 7*b = -11*b + 10236, -20373 = -10*c + 3*b. Calculate the greatest common divisor of c and 1260.
60
Let d(x) = -9*x - 2. Let f be d(-10). Suppose -85*p + f*p - 15 = 0. Suppose -2*l = p - 29. Calculate the highest common divisor of 24 and l.
12
Let k be (-873)/(-15) - 1/5. Let r = k - 58. Suppose -x + 3*z + 72 = 0, r*x - 2*z + 249 = 3*x. What is the highest common factor of x and 54?
27
Let j = -12120 + 17360. What is the greatest common divisor of 200 and j?
40
Suppose 9*o = 6137 + 568. Let t = o - 724. Calculate the highest common factor of 525 and t.
21
Let y(k) = -59*k**2 - 20*k + 21. Let w be y(1). Let t be (-252)/28*w/3. Calculate the greatest common factor of 609 and t.
87
Let s be (4 - 2) + (6 - 0). Let j = -452 - -540. Calculate the highest common divisor of j and s.
8
Let o(r) = 251*r + 2071. Let y be o(-8). What is the highest common divisor of y and 6657?
21
Let s = -1137 - -1775. Let p = s + -522. What is the greatest common divisor of 4 and p?
4
Suppose -17*d + 2631 + 344 = 0. Suppose -104 - 21 = -5*z. What is the greatest common factor of z and d?
25
Let z be ((-107)/3)/(11/33). Let p = z - -194. What is the highest common factor of 116 and p?
29
Suppose -10 = 6*x - 40. Let t(a) = -6*a - 16. Let j be t(-5). Let d be ((-200)/(-70))/(2/j). What is the highest common divisor of x and d?
5
Let u(x) = -x**2 + 5*x + 1. Let k be u(4). Let d = 25 + k. Let c be (14840/(-11))/(-5) - (-8)/44. What is the highest common divisor of c and d?
30
Let h = 9518 + -6698. Calculate the greatest common factor of h and 5.
5
Let y be (726/110)/(1/5). Let q = y + 20. Let w = q + -44. What is the greatest common divisor of w and 9?
9
Let j(r) = r**3 - 80*r**2 - 204*r - 3724. Let o be j(83). Let s(t) = t**3 - t**2 + t + 88. Let h be s(0). Calculate the greatest common divisor of o and h.
11
Let v be (12 - 17)/((-10)/26772). What is the greatest common factor of v and 69?
69
Let s(b) = 15*b - 95. Let n be s(10). Let p(c) = 3*c - 11. Let z be p(5). Suppose -60 = -2*l - 3*y - y, y = z. What is the highest common factor of l and n?
11
Let m(h) = -10*h**3 - 2*h**2 - h + 6. Let s be ((-16)/(-40))/(2/20) - 6. Let i be m(s). Calculate the greatest common divisor of 16 and i.
16
Suppose 180 = 16*g - 7*g. Let y be 105/g + -4 - 63/(-4). Let n be 5*17 + 0 + 0. Calculate the highest common divisor of y and n.
17
Suppose -78*p - 970 = -83*p + 2*u, -p + 156 = -8*u. What is the greatest common factor of 308 and p?
28
Suppose -14*v = -21*v + 133. Let u be v/(114/288) - -6. Let j = 17 - 5. What is the highest common factor of u and j?
6
Let j(d) = 7*d**3 - d**2 - 26*d + 58. Let w be j(3). What is the greatest common divisor of 15 and w?
5
Let c = 10041 - 6756. What is the highest common factor of 146 and c?
73
Let u(a) = 56*a**2 + 253*a - 24. Let x be u(-8). Calculate the highest common factor of 78 and x.
6
Let p(g) = g**3 - 2*g**2 + 3*g - 2. Let w be p(1). Suppose 5*z - 869 - 126 = w. Let j = z - -161. What is the greatest common divisor of 40 and j?
40
Let a = 50 - 39. Suppose -a*h + 5*h = 0. Suppose -2*t + 4 = h, t - 19 = -2*i + 11. What is the greatest common divisor of 126 and i?
14
Let g be (5 + (-190)/50)/(12/180). Let h = 7 + -1. What is the greatest common factor of h and g?
6
Suppose 2*n - 486 = 11*n. Let q be ((-26)/(-6))/(6/n*-3). Suppose -5*h + q = 2*b, -6*b - 10 = -5*h - 11*b. Calculate the greatest common factor of 57 and h.
3
Let f(y) = 20*y - 44. Let v be f(-11). Let n be (v/20)/(4/(-10)). Suppose -2*j - 132 = -6*j. What is the highest common factor of j and n?
33
Suppose 0 = 5*s + 1027 - 132. Let g = 198 + s. Let p be (2/(-1) - -1)*-19. What is the highest common factor of g and p?
19
Let v = -19 - -35. Let f be (-192 - 0)/((-1)/(55/15 - 3)). Calculate the greatest common factor of f and v.
16
Let a = 33219 - 33127. Calculate the greatest common divisor of 23230 and a.
46
Suppose 0*u = -69*u + 34500. Calculate the greatest common factor of u and 10.
10
Suppose -370 + 5270 = 35*r. Calculate the greatest common factor of 210 and r.
70
Suppose -30*v - 18*v + 240 = 0. Suppose -1356 = -5*q + 3*g, -q = -5*q - v*g + 1070. What is the highest common divisor of q and 60?
30
Let v(p) = -p**3 + 55*p**2 - 105*p + 19. Let w be v(53). Calculate the greatest common factor of w and 936.
72
Let s(x) = -x**2 - 10*x - 72. Let c(d) = -d**2 - 10*d - 72. Let l(f) = -5*c(f) + 4*s(f). Let u be l(-16). Calculate the highest common factor of 28 and u.
28
Let g be (-441)/(-81) - (-70)/126. Calculate the highest common divisor of 213 and g.
3
Let w = -56 - -203. Let u = 209 + -125. Calculate the highest common divisor of u and w.
21
Let f be ((-21375)/(-54))/19 + 3/(-18)*5. What is the highest common divisor of 940 and f?
20
Let f = 2740 + -1543. Calculate the highest common divisor of 189 and f.
63
Suppose -d + 3*d - 72 = 0. Suppose 0 = 6*g - 241 + 97. Calculate the highest common factor of g and d.
12
Let w be (2 - 1)/((-1)/(-7)). Suppose 4*z = 4*g - 152, g + 2*z - 4*z - 36 = 0. Let l be ((-30)/g)/(1/(-4)) + 4. Calculate the highest common factor of w and l.
7
Let m be (9/(-2))/(42/(-112)). Suppose -15*i + 102 = -m*i + 4*w, 0 = 2*i + 5*w - 61. Calculate the highest common factor of 19 and i.
19
Let s be (-8 - 1)*(-24)/((-56)/(-7)). Suppose 5*z - 5*n + 3*n = 43, -2*z + 4*n + 30 = 0. Suppose 270 = z*i - 2*i. What is the greatest common factor of i and s?
27
Suppose 158405 = 77*k - 11765. Calculate the greatest common factor of k and 170.
170
Let t = 161 - 89. Let z = -28 - -46. Suppose 0 = -n + 2*n - z. What is the greatest common factor of n and t?
18
Let f be 112/(-32)*(-1 + -1). Suppose 7 = 2*s - 3. Suppose -2*a - s*n = -6*a - 1, -4*a - 3*n + 7 = 0. Calculate the greatest common divisor of f and a.
1
Suppose 3*m - 185 = 94. Let g = 113 - 42. Suppose -102 = -k - g. What is the highest common factor of k and m?
31
Let b = 1530 + 3228. Calculate the highest comm